{"id":6250,"date":"2016-08-01T16:45:44","date_gmt":"2016-08-01T14:45:44","guid":{"rendered":"http:\/\/jan-jakobsen.dk\/?page_id=6250"},"modified":"2017-06-22T02:28:40","modified_gmt":"2017-06-22T00:28:40","slug":"at-leve-med-et-handicap","status":"publish","type":"page","link":"https:\/\/jan-jakobsen.dk\/?page_id=6250","title":{"rendered":"At leve med et handicap"},"content":{"rendered":"<p><img loading=\"lazy\" decoding=\"async\" class=\"aligncenter wp-image-4640\" src=\"https:\/\/jan-jakobsen.dk\/https:\/\/jan-jakobsen.dk\/wp-content\/uploads\/2009\/08\/At-leve...-fort\u00e6llinger-fra.jpg\" alt=\"At leve... fort\u00e6llinger fra\" width=\"620\" height=\"229\" srcset=\"https:\/\/jan-jakobsen.dk\/http:\/\/jan-jakobsen.dk\/wp-content\/uploads\/2009\/08\/At-leve...-fort\u00e6llinger-fra.jpg 851w, https:\/\/jan-jakobsen.dk\/http:\/\/jan-jakobsen.dk\/wp-content\/uploads\/2009\/08\/At-leve...-fort\u00e6llinger-fra-300x111.jpg 300w, https:\/\/jan-jakobsen.dk\/http:\/\/jan-jakobsen.dk\/wp-content\/uploads\/2009\/08\/At-leve...-fort\u00e6llinger-fra-680x252.jpg 680w\" sizes=\"auto, (max-width: 620px) 100vw, 620px\" \/><\/p>\n<blockquote><p>Vi havde forn\u00f8jelsen af Jans foredrag i vores Center i mandags. Fo<span class=\"text_exposed_show\">rdraget var som et foredrag skal v\u00e6re: Oplysende, l\u00e6rerigt og fortalt med humor. Tak\u00a0<a class=\"profileLink\" href=\"https:\/\/www.facebook.com\/jan.v.jakobsen\" data-hovercard=\"\/ajax\/hovercard\/user.php?id=530639480\" data-hovercard-prefer-more-content-show=\"1\">Jan Jakobsen<\/a>\u00a0for at dele din livshistorie med os.(Marianne, 2016)<\/span><\/p><\/blockquote>\n<p>Mit foredrag \u201cAt leve med et handicap\u201d kan n\u00e5 ud til mange forskellige m\u00e5lgrupper\u00a0takket v\u00e6re et samarbejde mellem Muskelsvindfonden og bl.a. mig som foredragsholder. Der er ogs\u00e5 mulighed for at f\u00e5 en\u00a0en r\u00e6kke andre aktive foredragsholdere ud fra Muskelsvindfonden.<\/p>\n<p>Mit foredrag er baseret p\u00e5 \u00bbstorytelling\u00ab og dialog. Det kan fleksibelt variere i den konkrete situation ud fra de emner tilh\u00f8rerne gerne vil h\u00f8re om. Det indeholder en base med mange\u00a0forskellige emner. Det koster \u201ckun\u201d transporten til den h\u00f8je statstakst samt eventuelle broafgifter at hyre mig til et foredrag.<\/p>\n<div id=\"attachment_4182\" style=\"width: 719px\" class=\"wp-caption alignleft\"><a href=\"https:\/\/jan-jakobsen.dk\/https:\/\/jan-jakobsen.dk\/wp-content\/uploads\/2015\/06\/Foredrag-interaktiv-18-cm-kopi.jpg\"><img loading=\"lazy\" decoding=\"async\" aria-describedby=\"caption-attachment-4182\" class=\"wp-image-4182 size-full\" src=\"https:\/\/jan-jakobsen.dk\/https:\/\/jan-jakobsen.dk\/wp-content\/uploads\/2015\/06\/Foredrag-interaktiv-18-cm-kopi.jpg\" alt=\"Foredrag interaktiv 18 cm kopi\" width=\"709\" height=\"531\" srcset=\"https:\/\/jan-jakobsen.dk\/http:\/\/jan-jakobsen.dk\/wp-content\/uploads\/2015\/06\/Foredrag-interaktiv-18-cm-kopi.jpg 709w, https:\/\/jan-jakobsen.dk\/http:\/\/jan-jakobsen.dk\/wp-content\/uploads\/2015\/06\/Foredrag-interaktiv-18-cm-kopi-300x225.jpg 300w, https:\/\/jan-jakobsen.dk\/http:\/\/jan-jakobsen.dk\/wp-content\/uploads\/2015\/06\/Foredrag-interaktiv-18-cm-kopi-680x509.jpg 680w\" sizes=\"auto, (max-width: 709px) 100vw, 709px\" \/><\/a><p id=\"caption-attachment-4182\" class=\"wp-caption-text\">Her er blot nogle af de emner et opl\u00e6g kan indeholde &#8211; og nye kommer hele tiden til (klik p\u00e5 foto for st\u00f8rre udgave).<\/p><\/div>\n<p style=\"color: #000000;\"><strong>Fort\u00e6lling \u2013 Formidling \u2013 Faglighed<\/strong><br \/>\n<strong>Som muskelsvindramt<\/strong>\u00a0gennem mere end\u00a060 \u00e5r har jeg en fort\u00e6lling med mig i bagagen, som jeg kan s\u00e6tte ord p\u00e5.<br \/>\n<strong>Som kommunikationsuddannet<\/strong>\u00a0kan jeg formidle og generalisere min fort\u00e6lling s\u00e5 den bliver relevant ogs\u00e5 for andre.<br \/>\n<strong>Som mange\u00e5rig handicappolitisk aktivist<\/strong>\u00a0har jeg faglighed og politisk indsigt i emner inden for handicap.<\/p>\n<blockquote style=\"color: #000000;\">\n<h5>\u00a0<strong>Sagt om foredraget:<\/strong><\/h5>\n<h5>\u201c\u2026Jeg tror, at mange for\u00e6ldre og andet personale omkring det enkelte barn\/ unge menneske kunne l\u00e6re meget omkring etik i forhold til privatlivets fred. Dette er min erfaring fra mit arbejde\u2026\u201d<\/h5>\n<h5>\u201c\u2026Jeg synes, at du var god til at formidle dine budskaber. Dejligt, at du havde en humoristisk tilgang til et ellers sv\u00e6rt emne\u2026\u201d<\/h5>\n<\/blockquote>\n<p style=\"color: #000000;\"><strong>Fleksibelt foredrag<\/strong><\/p>\n<p style=\"color: #000000;\">Mit foredrag er opbygget fleksibelt, b\u00e5de n\u00e5r det g\u00e6lder emner, varighed og hvem, det henvender sig til.<\/p>\n<p><strong>Blandt m\u00e5lgrupperne er\u00a0<\/strong><\/p>\n<ul>\n<li style=\"color: #000000;\">fagligt personale p\u00e5 skoler,<\/li>\n<li style=\"color: #000000;\">socialr\u00e5dgivere i kommunerne,<\/li>\n<li style=\"color: #000000;\">virksomheder,<\/li>\n<li style=\"color: #000000;\">studerende p\u00e5 Social- og Sundhedsuddannelser,<\/li>\n<li style=\"color: #000000;\">gymnasier og folkeskoler<\/li>\n<li style=\"color: #000000;\">andre\u00a0med\u00a0behov for at vide noget om handicap.<\/li>\n<\/ul>\n<p style=\"color: #000000;\"><strong>Emnerne, der tages op kan f.eks. v\u00e6re<\/strong><\/p>\n<ul style=\"color: #000000;\">\n<li>Pr\u00e6sentation (indg\u00e5r altid)<\/li>\n<li>Barndom<\/li>\n<li>Skolegang gennem tiden<\/li>\n<li>Uddannelse, jobformer og pension<\/li>\n<li>Handicap og funktionsneds\u00e6ttelse<\/li>\n<li>Hj\u00e6lpemidler<\/li>\n<li>Arbejdsmarkedet<\/li>\n<li>Social\u00f8konomi og besk\u00e6ftigelse<\/li>\n<li>Inklusion<\/li>\n<li>Afh\u00e6ngig af andre<\/li>\n<li>Hj\u00e6lpere og hj\u00e6lperjobbet<\/li>\n<li>Etik<\/li>\n<li>Seksualitet<\/li>\n<li>Aktiv fritid<\/li>\n<li>Leve med kronisk sygdom<\/li>\n<li>Respiration<\/li>\n<li>Tilg\u00e6ngelighed<\/li>\n<li>Plads til forskelle<\/li>\n<li>Om muskelsvind<\/li>\n<li>Om Muskelsvindfonden<\/li>\n<\/ul>\n<p style=\"color: #000000;\"><em>Der er mulighed for at f\u00e5 andre emner ind i et foredrag.<\/em><\/p>\n<p style=\"color: #000000;\"><a href=\"https:\/\/jan-jakobsen.dk\/https:\/\/jan-jakobsen.dk\/wp-content\/uploads\/2009\/08\/SoSu-Ringsted-3-oktober-2013.jpg\"><\/a><a href=\"https:\/\/jan-jakobsen.dk\/https:\/\/jan-jakobsen.dk\/wp-content\/uploads\/2009\/08\/SoSu-Ringsted-3-oktober-2013.jpg\"><img loading=\"lazy\" decoding=\"async\" class=\"alignleft wp-image-3674 size-large\" src=\"https:\/\/jan-jakobsen.dk\/https:\/\/jan-jakobsen.dk\/wp-content\/uploads\/2009\/08\/SoSu-Ringsted-3-oktober-2013-680x382.jpg\" alt=\"SoSu Ringsted 3 oktober 2013\" width=\"620\" height=\"348\" srcset=\"https:\/\/jan-jakobsen.dk\/http:\/\/jan-jakobsen.dk\/wp-content\/uploads\/2009\/08\/SoSu-Ringsted-3-oktober-2013-680x382.jpg 680w, https:\/\/jan-jakobsen.dk\/http:\/\/jan-jakobsen.dk\/wp-content\/uploads\/2009\/08\/SoSu-Ringsted-3-oktober-2013-300x168.jpg 300w, https:\/\/jan-jakobsen.dk\/http:\/\/jan-jakobsen.dk\/wp-content\/uploads\/2009\/08\/SoSu-Ringsted-3-oktober-2013.jpg 974w\" sizes=\"auto, (max-width: 620px) 100vw, 620px\" \/><\/a><\/p>\n<p style=\"color: #000000;\"><strong>Billed, film, lyd og tale<\/strong><\/p>\n<p style=\"color: #000000;\">Foredraget er underst\u00f8ttet af billeder, tekst og mindre filmsekvenser, der anskueligg\u00f8r indholdet og er med til at variere det talte ord. Der er mulighed for at stille sp\u00f8rgsm\u00e5l undervejs.<\/p>\n<p style=\"color: #000000;\"><strong>Fra egen erfaring til almen viden<\/strong><\/p>\n<p style=\"color: #000000;\">Alle emnerne tager udgangspunkt i mine egne erfaringer gennem snart 60 \u00e5r. Jeg l\u00e6gger dog v\u00e6gt p\u00e5 at fors\u00f8ge at generalisere dem, s\u00e5 de bliver mere almengyldige og anvendelige p\u00e5 flere handicapgrupper.<\/p>\n<p style=\"color: #000000;\"><strong>Det skal der til<\/strong><\/p>\n<p style=\"color: #000000;\">Mit foredrag er bygget op omkring en projektionsfremvisning. Jeg medbringer selv udstyr til afvikling, dvs Ipad. Jeg har selv tilkobling til VGA-input med. Er der ikke projektor i lokalet, hvor jeg skal fremvise, kan jeg medbringe projektor og l\u00e6rred. Der skal udtrykkeligt gives besked\u00a0senest 3 dage f\u00f8r\u00a0foredraget, hvis jeg skal medbringe\u00a0projektor og l\u00e6rred.<\/p>\n<p style=\"color: #000000;\"><strong>L\u00e6s mere, v\u00e6lg og f\u00f8lg med<\/strong><\/p>\n<p style=\"color: #000000;\">Du kan l\u00e6se mere om \u201cAt leve med et handicap\u201d og f\u00f8lge nyheder om mit foredrag p\u00e5 Facebook\u00a0<a style=\"color: #0088cc;\" title=\"Facebooksiden &quot;At leve med et handicap&quot;.\" href=\"https:\/\/www.facebook.com\/Jak.foredrag?ref_type=bookmark\" target=\"_blank\" rel=\"noopener\">ved at klikke her<\/a>.<\/p>\n<p style=\"color: #000000;\">Du kan finde en beskrivelse af alle foredragsholdere fra Muskelsvindfonden\u00a0<a style=\"color: #0088cc;\" title=\"Book et foredrag fra Muskelsvindfonden\" href=\"http:\/\/muskelsvindfonden.dk\/om-muskelsvind\/book-et-foredrag\/\" target=\"_blank\" rel=\"noopener\">ved at \u00a0klikke her<\/a>.<\/p>\n","protected":false},"excerpt":{"rendered":"<p>Vi havde forn\u00f8jelsen af Jans foredrag i vores Center i mandags. Fordraget var som et foredrag skal v\u00e6re: Oplysende, l\u00e6rerigt og fortalt med humor. Tak\u00a0Jan Jakobsen\u00a0for at dele din livshistorie med os.(Marianne, 2016) Mit foredrag \u201cAt leve med et handicap\u201d &hellip; <a href=\"https:\/\/jan-jakobsen.dk\/?page_id=6250\">L\u00e6s resten <span class=\"meta-nav\">&rarr;<\/span><\/a><\/p>\n","protected":false},"author":3,"featured_media":6303,"parent":101,"menu_order":1,"comment_status":"closed","ping_status":"closed","template":"onecolumn-page.php","meta":{"footnotes":""},"class_list":["post-6250","page","type-page","status-publish","has-post-thumbnail","hentry"],"_links":{"self":[{"href":"https:\/\/jan-jakobsen.dk\/index.php?rest_route=\/wp\/v2\/pages\/6250","targetHints":{"allow":["GET"]}}],"collection":[{"href":"https:\/\/jan-jakobsen.dk\/index.php?rest_route=\/wp\/v2\/pages"}],"about":[{"href":"https:\/\/jan-jakobsen.dk\/index.php?rest_route=\/wp\/v2\/types\/page"}],"author":[{"embeddable":true,"href":"https:\/\/jan-jakobsen.dk\/index.php?rest_route=\/wp\/v2\/users\/3"}],"replies":[{"embeddable":true,"href":"https:\/\/jan-jakobsen.dk\/index.php?rest_route=%2Fwp%2Fv2%2Fcomments&post=6250"}],"version-history":[{"count":10,"href":"https:\/\/jan-jakobsen.dk\/index.php?rest_route=\/wp\/v2\/pages\/6250\/revisions"}],"predecessor-version":[{"id":7407,"href":"https:\/\/jan-jakobsen.dk\/index.php?rest_route=\/wp\/v2\/pages\/6250\/revisions\/7407"}],"up":[{"embeddable":true,"href":"https:\/\/jan-jakobsen.dk\/index.php?rest_route=\/wp\/v2\/pages\/101"}],"wp:featuredmedia":[{"embeddable":true,"href":"https:\/\/jan-jakobsen.dk\/index.php?rest_route=\/wp\/v2\/media\/6303"}],"wp:attachment":[{"href":"https:\/\/jan-jakobsen.dk\/index.php?rest_route=%2Fwp%2Fv2%2Fmedia&parent=6250"}],"curies":[{"name":"wp","href":"https:\/\/api.w.org\/{rel}","templated":true}]}}

<p><img loading="lazy" decoding="async" class="aligncenter wp-image-4640" src="https://jan-jakobsen.dk/https://jan-jakobsen.dk/wp-content/uploads/2009/08/At-leve...-fortællinger-fra.jpg" alt="At leve... fortællinger fra" width="620" height="229" srcset="https://jan-jakobsen.dk/http://jan-jakobsen.dk/wp-content/uploads/2009/08/At-leve...-fortællinger-fra.jpg 851w, https://jan-jakobsen.dk/http://jan-jakobsen.dk/wp-content/uploads/2009/08/At-leve...-fortællinger-fra-300x111.jpg 300w, https://jan-jakobsen.dk/http://jan-jakobsen.dk/wp-content/uploads/2009/08/At-leve...-fortællinger-fra-680x252.jpg 680w" sizes="auto, (max-width: 620px) 100vw, 620px" /></p>
<blockquote><p>Vi havde fornøjelsen af Jans foredrag i vores Center i mandags. Fo<span class="text_exposed_show">rdraget var som et foredrag skal være: Oplysende, lærerigt og fortalt med humor. Tak <a class="profileLink" href="https://www.facebook.com/jan.v.jakobsen" data-hovercard="/ajax/hovercard/user.php?id=530639480" data-hovercard-prefer-more-content-show="1">Jan Jakobsen</a> for at dele din livshistorie med os.(Marianne, 2016)</span></p></blockquote>
<p>Mit foredrag “At leve med et handicap” kan nå ud til mange forskellige målgrupper takket være et samarbejde mellem Muskelsvindfonden og bl.a. mig som foredragsholder. Der er også mulighed for at få en en række andre aktive foredragsholdere ud fra Muskelsvindfonden.</p>
<p>Mit foredrag er baseret på »storytelling« og dialog. Det kan fleksibelt variere i den konkrete situation ud fra de emner tilhørerne gerne vil høre om. Det indeholder en base med mange forskellige emner. Det koster “kun” transporten til den høje statstakst samt eventuelle broafgifter at hyre mig til et foredrag.</p>
<div id="attachment_4182" style="width: 719px" class="wp-caption alignleft"><a href="https://jan-jakobsen.dk/https://jan-jakobsen.dk/wp-content/uploads/2015/06/Foredrag-interaktiv-18-cm-kopi.jpg"><img loading="lazy" decoding="async" aria-describedby="caption-attachment-4182" class="wp-image-4182 size-full" src="https://jan-jakobsen.dk/https://jan-jakobsen.dk/wp-content/uploads/2015/06/Foredrag-interaktiv-18-cm-kopi.jpg" alt="Foredrag interaktiv 18 cm kopi" width="709" height="531" srcset="https://jan-jakobsen.dk/http://jan-jakobsen.dk/wp-content/uploads/2015/06/Foredrag-interaktiv-18-cm-kopi.jpg 709w, https://jan-jakobsen.dk/http://jan-jakobsen.dk/wp-content/uploads/2015/06/Foredrag-interaktiv-18-cm-kopi-300x225.jpg 300w, https://jan-jakobsen.dk/http://jan-jakobsen.dk/wp-content/uploads/2015/06/Foredrag-interaktiv-18-cm-kopi-680x509.jpg 680w" sizes="auto, (max-width: 709px) 100vw, 709px" /></a><p id="caption-attachment-4182" class="wp-caption-text">Her er blot nogle af de emner et oplæg kan indeholde &#8211; og nye kommer hele tiden til (klik på foto for større udgave).</p></div>
<p style="color: #000000;"><strong>Fortælling – Formidling – Faglighed</strong><br />
<strong>Som muskelsvindramt</strong> gennem mere end 60 år har jeg en fortælling med mig i bagagen, som jeg kan sætte ord på.<br />
<strong>Som kommunikationsuddannet</strong> kan jeg formidle og generalisere min fortælling så den bliver relevant også for andre.<br />
<strong>Som mangeårig handicappolitisk aktivist</strong> har jeg faglighed og politisk indsigt i emner inden for handicap.</p>
<blockquote style="color: #000000;">
<h5> <strong>Sagt om foredraget:</strong></h5>
<h5>“…Jeg tror, at mange forældre og andet personale omkring det enkelte barn/ unge menneske kunne lære meget omkring etik i forhold til privatlivets fred. Dette er min erfaring fra mit arbejde…”</h5>
<h5>“…Jeg synes, at du var god til at formidle dine budskaber. Dejligt, at du havde en humoristisk tilgang til et ellers svært emne…”</h5>
</blockquote>
<p style="color: #000000;"><strong>Fleksibelt foredrag</strong></p>
<p style="color: #000000;">Mit foredrag er opbygget fleksibelt, både når det gælder emner, varighed og hvem, det henvender sig til.</p>
<p><strong>Blandt målgrupperne er </strong></p>
<ul>
<li style="color: #000000;">fagligt personale på skoler,</li>
<li style="color: #000000;">socialrådgivere i kommunerne,</li>
<li style="color: #000000;">virksomheder,</li>
<li style="color: #000000;">studerende på Social- og Sundhedsuddannelser,</li>
<li style="color: #000000;">gymnasier og folkeskoler</li>
<li style="color: #000000;">andre med behov for at vide noget om handicap.</li>
</ul>
<p style="color: #000000;"><strong>Emnerne, der tages op kan f.eks. være</strong></p>
<ul style="color: #000000;">
<li>Præsentation (indgår altid)</li>
<li>Barndom</li>
<li>Skolegang gennem tiden</li>
<li>Uddannelse, jobformer og pension</li>
<li>Handicap og funktionsnedsættelse</li>
<li>Hjælpemidler</li>
<li>Arbejdsmarkedet</li>
<li>Socialøkonomi og beskæftigelse</li>
<li>Inklusion</li>
<li>Afhængig af andre</li>
<li>Hjælpere og hjælperjobbet</li>
<li>Etik</li>
<li>Seksualitet</li>
<li>Aktiv fritid</li>
<li>Leve med kronisk sygdom</li>
<li>Respiration</li>
<li>Tilgængelighed</li>
<li>Plads til forskelle</li>
<li>Om muskelsvind</li>
<li>Om Muskelsvindfonden</li>
</ul>
<p style="color: #000000;"><em>Der er mulighed for at få andre emner ind i et foredrag.</em></p>
<p style="color: #000000;"><a href="https://jan-jakobsen.dk/https://jan-jakobsen.dk/wp-content/uploads/2009/08/SoSu-Ringsted-3-oktober-2013.jpg"></a><a href="https://jan-jakobsen.dk/https://jan-jakobsen.dk/wp-content/uploads/2009/08/SoSu-Ringsted-3-oktober-2013.jpg"><img loading="lazy" decoding="async" class="alignleft wp-image-3674 size-large" src="https://jan-jakobsen.dk/https://jan-jakobsen.dk/wp-content/uploads/2009/08/SoSu-Ringsted-3-oktober-2013-680x382.jpg" alt="SoSu Ringsted 3 oktober 2013" width="620" height="348" srcset="https://jan-jakobsen.dk/http://jan-jakobsen.dk/wp-content/uploads/2009/08/SoSu-Ringsted-3-oktober-2013-680x382.jpg 680w, https://jan-jakobsen.dk/http://jan-jakobsen.dk/wp-content/uploads/2009/08/SoSu-Ringsted-3-oktober-2013-300x168.jpg 300w, https://jan-jakobsen.dk/http://jan-jakobsen.dk/wp-content/uploads/2009/08/SoSu-Ringsted-3-oktober-2013.jpg 974w" sizes="auto, (max-width: 620px) 100vw, 620px" /></a></p>
<p style="color: #000000;"><strong>Billed, film, lyd og tale</strong></p>
<p style="color: #000000;">Foredraget er understøttet af billeder, tekst og mindre filmsekvenser, der anskueliggør indholdet og er med til at variere det talte ord. Der er mulighed for at stille spørgsmål undervejs.</p>
<p style="color: #000000;"><strong>Fra egen erfaring til almen viden</strong></p>
<p style="color: #000000;">Alle emnerne tager udgangspunkt i mine egne erfaringer gennem snart 60 år. Jeg lægger dog vægt på at forsøge at generalisere dem, så de bliver mere almengyldige og anvendelige på flere handicapgrupper.</p>
<p style="color: #000000;"><strong>Det skal der til</strong></p>
<p style="color: #000000;">Mit foredrag er bygget op omkring en projektionsfremvisning. Jeg medbringer selv udstyr til afvikling, dvs Ipad. Jeg har selv tilkobling til VGA-input med. Er der ikke projektor i lokalet, hvor jeg skal fremvise, kan jeg medbringe projektor og lærred. Der skal udtrykkeligt gives besked senest 3 dage før foredraget, hvis jeg skal medbringe projektor og lærred.</p>
<p style="color: #000000;"><strong>Læs mere, vælg og følg med</strong></p>
<p style="color: #000000;">Du kan læse mere om “At leve med et handicap” og følge nyheder om mit foredrag på Facebook <a style="color: #0088cc;" title="Facebooksiden &quot;At leve med et handicap&quot;." href="https://www.facebook.com/Jak.foredrag?ref_type=bookmark" target="_blank" rel="noopener">ved at klikke her</a>.</p>
<p style="color: #000000;">Du kan finde en beskrivelse af alle foredragsholdere fra Muskelsvindfonden <a style="color: #0088cc;" title="Book et foredrag fra Muskelsvindfonden" href="http://muskelsvindfonden.dk/om-muskelsvind/book-et-foredrag/" target="_blank" rel="noopener">ved at  klikke her</a>.</p>

<p>Vi havde fornøjelsen af Jans foredrag i vores Center i mandags. Fordraget var som et foredrag skal være: Oplysende, lærerigt og fortalt med humor. Tak Jan Jakobsen for at dele din livshistorie med os.(Marianne, 2016) Mit foredrag “At leve med et handicap” &hellip; <a href="https://jan-jakobsen.dk/?page_id=6250">Læs resten <span class="meta-nav">&rarr;</span></a></p>
